992?
56
Calculate the greatest common factor of 3545520 and 13725.
15
What is the greatest common factor of 29 and 8700493?
29
Calculate the greatest common divisor of 2193 and 38607.
51
What is the highest common factor of 4626 and 275904?
18
What is the greatest common factor of 125 and 548305?
5
Calculate the greatest common divisor of 7406692 and 30204.
3356
What is the highest common factor of 51399080 and 40?
40
Calculate the highest common divisor of 4 and 5460942.
2
What is the highest common factor of 2831085 and 10385?
335
What is the highest common divisor of 2856 and 108304?
56
What is the highest common divisor of 1587375 and 1079?
83
Calculate the highest common factor of 21296 and 2670272.
176
Calculate the highest common factor of 105 and 2673230.
35
Calculate the highest common factor of 112095 and 1504.
47
What is the greatest common factor of 68229986 and 44?
22
What is the highest common factor of 646137114 and 322?
322
What is the greatest common divisor of 7049 and 429618?
371
Calculate the greatest common divisor of 12 and 18354972.
12
What is the greatest common factor of 26558864 and 1376?
688
What is the highest common divisor of 208413 and 303614?
2573
Calculate the greatest common divisor of 38749085 and 28945.
4135
Calculate the greatest common divisor of 10255 and 64890.
35
Calculate the highest common factor of 224389 and 5258.
11
Calculate the greatest common divisor of 9657 and 46777.
29
What is the highest common divisor of 15780141 and 9?
9
Calculate the highest common divisor of 209 and 31770717.
209
What is the greatest common divisor of 926667 and 109536?
21
Calculate the greatest common divisor of 135 and 21707780.
5
What is the greatest common factor of 20818 and 4499662?
2974
Calculate the greatest common factor of 1262 and 42809564.
1262
What is the greatest common factor of 22739310 and 29355?
1545
What is the greatest common divisor of 86304 and 70354?
58
Calculate the highest common divisor of 65538020 and 2580.
860
Calculate the greatest common divisor of 10885 and 2345.
35
What is the highest common factor of 20 and 27701860?
20
Calculate the highest common factor of 59706 and 128154.
186
What is the highest common divisor of 20243847 and 1443?
1443
What is the highest common divisor of 602959572 and 324?
108
Calculate the highest common factor of 86 and 736142198.
86
Calculate the highest common divisor of 4378 and 1254686642.
4378
Calculate the greatest common divisor of 170 and 7785490.
170
What is the greatest common factor of 14065552 and 2128?
16
Calculate the greatest common divisor of 2643347 and 14994.
119
What is the greatest common divisor of 131 and 13044325?
131
What is the greatest common factor of 4344120 and 43395?
165
Calculate the greatest common divisor of 15512 and 2876.
4
Calculate the highest common factor of 546915 and 39.
3
Calculate the highest common factor of 226409 and 13.
1
Calculate the greatest common divisor of 5456 and 67369324.
1364
What is the highest common divisor of 44694632 and 1768?
136
Calculate the greatest common factor of 141297 and 8021.
13
What is the highest common factor of 1254 and 34246455?
57
Calculate the highest common divisor of 31 and 32257453.
31
What is the greatest common divisor of 8 and 4180433?
1
What is the highest common divisor of 4618972 and 2488?
1244
Calculate the greatest common divisor of 168 and 748503.
21
Calculate the highest common factor of 7200 and 1186176.
96
Calculate the highest common factor of 26 and 65629226.
26
Calculate the greatest common divisor of 3756908 and 3990.
38
Calculate the greatest common factor of 17613456 and 374604.
7068
What is the highest common divisor of 2217 and 4704?
3
What is the greatest common divisor of 2894159436 and 9351?
3117
Calculate the highest common factor of 1150 and 1532406625.
575
Calculate the highest common divisor of 5196 and 3514228.
1732
Calculate the highest common divisor of 958074 and 46150.
1846
Calculate the greatest common factor of 1519840 and 1175280.
4720
Calculate the greatest common divisor of 473 and 333403983.
473
Calculate the greatest common factor of 30142 and 7420.
14
Calculate the greatest common divisor of 65772033 and 5061.
723
Calculate the greatest common divisor of 29 and 149052779.
29
Calculate the highest common divisor of 1739024 and 112.
112
Calculate the greatest common factor of 738 and 150960606.
246
What is the highest common factor of 10240 and 16850?
10
Calculate the greatest common divisor of 15224959 and 79.
79
What is the highest common factor of 58086 and 24750?
18
Calculate the highest common factor of 545388 and 253800.
564
What is the highest common divisor of 8 and 2325332?
4
What is the greatest common divisor of 99 and 7071185?
11
What is the highest common factor of 453 and 4864659?
3
Calculate the highest common divisor of 329535 and 290.
5
Calculate the greatest common divisor of 44 and 17251784.
44
What is the greatest common factor of 25 and 839036050?
25
What is the highest common divisor of 14409 and 4671?
9
What is the greatest common factor of 14863894 and 9047?
109
What is the greatest common factor of 9057222 and 4?
2
What is the greatest common divisor of 2 and 2675768?
2
What is the highest common factor of 36768 and 373248?
96
Calculate the greatest common divisor of 30246 and 63474.
426
Calculate the greatest common divisor of 3219370 and 6105.
2035
Calculate the highest common factor of 3338222 and 11186.
1598
What is the greatest common factor of 597168 and 3939?
39
What is the highest common divisor of 8055 and 10267977?
537
Calculate the greatest common factor of 4467243 and 36267.
33
Calculate the highest common divisor of 373579 and 8016.
167
Calculate the greatest common factor of 312220 and 800.
20
What is the greatest common divisor of 4642224 and 96?
48
What is the greatest common divisor of 250 and 19209250?
250
Calculate the highest common divisor of 298550043 and 2013.
2013
Calculate the greatest common divisor of 695029720 and 980.
980
Calculate the greatest common factor of 16084 and 1070756111.
4021
What is the highest common divisor of 742733 and 4429?
103
Calculate the highest common factor of 29797814 and 38.
38
Calculate the highest common divisor of 329103 and 131211.
2151
What is the greatest common divisor of 59402520 and 450?
90
What is the greatest common factor of 1114 and 224963388?
1114
What is the greatest common divisor of 6630 and 21676785?
3315
Calculate the highest common factor of 20004888 and 72.
24
Calculate the highest common divisor of 1104400 and 796400.
4400
What is the greatest common factor of 92768 and 2704767?
2899
What is the greatest common divisor of 661536 and 396?
36
Calculate the greatest common factor of 12875805 and 1665.
45
Calculate the highest common factor of 19803 and 3112053.
21
Calculate the highest common divisor of 151622175 and 285.
15
What is the highest common divisor of 5186 and 316040026?
5186
Calculate the greatest common factor of 19557997 and 3.
1
Calculate the greatest common factor of 99 and 41945904.
99
Calculate the greatest common factor of 124483752 and 31296.
3912
Calculate the highest common factor of 1365 and 13440.
105
Calculate the greatest common factor of 1380 and 14025600.
60
What is the greatest common divisor of 99 and 385866?
9
What is the greatest common factor of 3423 and 5002144?
1141
Calculate the greatest common factor of 31217682 and 21855.
4371
What is the greatest common divisor of 45312 and 202842?
354
What is the highest common divisor of 11814044 and 132?
44
What is the greatest common factor of 625 and 55505750?
125
Calculate the greatest common divisor of 2470589 and 1672.
209
Calculate the greatest common factor of 159149921 and 185311.
8057
What is the greatest common factor of 75817 and 2?
1
Calculate the greatest common factor of 6293204 and 8.
4
Calculate the greatest common factor of 54619688 and 501.
167
Calculate the greatest common factor of 11051 and 383958.
257
Calculate the highest common divisor of 6313059 and 2301.
177
What is the greatest common factor of 3077 and 224468?
17
Calculate the highest common divisor of 1032 and 228258104.
344
Calculate the highest common factor of 13757568 and 252.
12
Calcu